{"id":120,"date":"2020-05-01T19:27:56","date_gmt":"2020-05-01T16:27:56","guid":{"rendered":"http:\/\/hogaholistik.com\/guven\/?page_id=120"},"modified":"2024-09-11T05:51:49","modified_gmt":"2024-09-11T05:51:49","slug":"f-kisisi-randevu-talebi-olusturma","status":"publish","type":"page","link":"https:\/\/bursayadem.com\/index.php\/mobile-surum\/bahriye-yilmaz-kasapoglu\/f-kisisi-randevu-talebi-olusturma\/","title":{"rendered":"Bahriye YILMAZ KASAPO\u011eLU Randevu Talebi Olu\u015fturma"},"content":{"rendered":"\r\n<p>Bahriye YILMAZ KASAPO\u011eLU y\u00fczy\u00fcze ve online dan\u0131\u015fmanl\u0131k talebi olu\u015fturma sayfas\u0131na ho\u015fgeldiniz.<\/p>\r\n\r\n\r\n\r\n<p>L\u00fctfen a\u015fa\u011f\u0131da istenilen bilgileri doldurup g\u00f6nder butonuna bas\u0131n\u0131z.<\/p>\r\n\r\n\r\n\r\n<div role=\"form\" class=\"wpcf7\" id=\"wpcf7-f377-o1\" lang=\"tr-TR\" dir=\"ltr\">\n<div class=\"screen-reader-response\"><p role=\"status\" aria-live=\"polite\" aria-atomic=\"true\"><\/p> <ul><\/ul><\/div>\n<form action=\"\/index.php\/wp-json\/wp\/v2\/pages\/120#wpcf7-f377-o1\" method=\"post\" class=\"wpcf7-form init\" novalidate=\"novalidate\" data-status=\"init\">\n<div style=\"display: none;\">\n<input type=\"hidden\" name=\"_wpcf7\" value=\"377\" \/>\n<input type=\"hidden\" name=\"_wpcf7_version\" value=\"5.6.4\" \/>\n<input type=\"hidden\" name=\"_wpcf7_locale\" value=\"tr_TR\" \/>\n<input type=\"hidden\" name=\"_wpcf7_unit_tag\" value=\"wpcf7-f377-o1\" \/>\n<input type=\"hidden\" name=\"_wpcf7_container_post\" value=\"0\" \/>\n<input type=\"hidden\" name=\"_wpcf7_posted_data_hash\" value=\"\" \/>\n<\/div>\n<p><label> Ad\u0131n\u0131z Soyad\u0131n\u0131z(gerekli)<br \/>\n    <span class=\"wpcf7-form-control-wrap\" data-name=\"your-name\"><input type=\"text\" name=\"your-name\" value=\"\" size=\"40\" class=\"wpcf7-form-control wpcf7-text wpcf7-validates-as-required\" aria-required=\"true\" aria-invalid=\"false\" \/><\/span> <\/label><\/p>\n<p><label> E-posta adresiniz (gerekli)<br \/>\n    <span class=\"wpcf7-form-control-wrap\" data-name=\"your-email\"><input type=\"email\" name=\"your-email\" value=\"\" size=\"40\" class=\"wpcf7-form-control wpcf7-text wpcf7-email wpcf7-validates-as-required wpcf7-validates-as-email\" aria-required=\"true\" aria-invalid=\"false\" \/><\/span> <\/label><\/p>\n<p><label> T.C Numaras\u0131(gerekli)<br \/>\n    <span class=\"wpcf7-form-control-wrap\" data-name=\"your-message\"><input type=\"text\" name=\"your-message\" value=\"\" size=\"40\" class=\"wpcf7-form-control wpcf7-text wpcf7-validates-as-required\" aria-required=\"true\" aria-invalid=\"false\" \/><\/span> <\/label><br \/>\n<label> Telefon Numaras\u0131 Numaras\u0131(gerekli)<br \/>\n    <span class=\"wpcf7-form-control-wrap\" data-name=\"your-message2\"><input type=\"text\" name=\"your-message2\" value=\"\" size=\"40\" class=\"wpcf7-form-control wpcf7-text wpcf7-validates-as-required\" aria-required=\"true\" aria-invalid=\"false\" \/><\/span> <\/label><br \/>\n<label> Randevu Talebiniz Biresyselse Bireysel\/ \u00c7ocuksa \u00c7ocuk\/Aile \u0130se Aile Yaz\u0131n\u0131z(gerekli)<br \/>\n    <span class=\"wpcf7-form-control-wrap\" data-name=\"your-message4\"><input type=\"text\" name=\"your-message4\" value=\"\" size=\"40\" class=\"wpcf7-form-control wpcf7-text wpcf7-validates-as-required\" aria-required=\"true\" aria-invalid=\"false\" \/><\/span> <\/label><br \/>\n<label> A\u00e7\u0131k Adresiniz (gerekli)<br \/>\n    <span class=\"wpcf7-form-control-wrap\" data-name=\"your-message5\"><textarea name=\"your-message5\" cols=\"40\" rows=\"10\" class=\"wpcf7-form-control wpcf7-textarea wpcf7-validates-as-required\" aria-required=\"true\" aria-invalid=\"false\"><\/textarea><\/span> <\/label><br \/>\n<label> \u0130letilmek \u0130stenen Ek Not<br \/>\n    <span class=\"wpcf7-form-control-wrap\" data-name=\"your-message3\"><textarea name=\"your-message3\" cols=\"40\" rows=\"10\" class=\"wpcf7-form-control wpcf7-textarea\" aria-invalid=\"false\"><\/textarea><\/span> <\/label><\/p>\n<p><input type=\"submit\" value=\"G\u00f6nder\" class=\"wpcf7-form-control has-spinner wpcf7-submit\" \/><\/p>\n<div class=\"wpcf7-response-output\" aria-hidden=\"true\"><\/div><\/form><\/div>\r\n","protected":false},"excerpt":{"rendered":"<p>Bahriye YILMAZ KASAPO\u011eLU y\u00fczy\u00fcze ve online dan\u0131\u015fmanl\u0131k talebi olu\u015fturma sayfas\u0131na ho\u015fgeldiniz. L\u00fctfen a\u015fa\u011f\u0131da istenilen bilgileri doldurup g\u00f6nder butonuna bas\u0131n\u0131z.<\/p>\n","protected":false},"author":1,"featured_media":0,"parent":400,"menu_order":2,"comment_status":"closed","ping_status":"closed","template":"","meta":{"footnotes":""},"class_list":["post-120","page","type-page","status-publish","hentry"],"jetpack_sharing_enabled":true,"_links":{"self":[{"href":"https:\/\/bursayadem.com\/index.php\/wp-json\/wp\/v2\/pages\/120"}],"collection":[{"href":"https:\/\/bursayadem.com\/index.php\/wp-json\/wp\/v2\/pages"}],"about":[{"href":"https:\/\/bursayadem.com\/index.php\/wp-json\/wp\/v2\/types\/page"}],"author":[{"embeddable":true,"href":"https:\/\/bursayadem.com\/index.php\/wp-json\/wp\/v2\/users\/1"}],"replies":[{"embeddable":true,"href":"https:\/\/bursayadem.com\/index.php\/wp-json\/wp\/v2\/comments?post=120"}],"version-history":[{"count":3,"href":"https:\/\/bursayadem.com\/index.php\/wp-json\/wp\/v2\/pages\/120\/revisions"}],"predecessor-version":[{"id":1029,"href":"https:\/\/bursayadem.com\/index.php\/wp-json\/wp\/v2\/pages\/120\/revisions\/1029"}],"up":[{"embeddable":true,"href":"https:\/\/bursayadem.com\/index.php\/wp-json\/wp\/v2\/pages\/400"}],"wp:attachment":[{"href":"https:\/\/bursayadem.com\/index.php\/wp-json\/wp\/v2\/media?parent=120"}],"curies":[{"name":"wp","href":"https:\/\/api.w.org\/{rel}","templated":true}]}}